 + 20 = z*u. Suppose 0 = 4*g + 12, -g + 21 = u*d - 6. What is the tens digit of d?
1
Let h(z) = -z**3 - 6*z**2 - 7*z - 6. What is the tens digit of h(-6)?
3
Let i(z) = -2*z**3 - 3*z**2 - 4*z - 1. Let h be i(-3). Suppose -2*u = -m + 12, -5 + h = 4*m - 5*u. Suppose -3*f + 10 = m*f. What is the units digit of f?
2
Let t(k) = -k - 2. Let s = 9 + -16. Let r = s + 4. What is the units digit of t(r)?
1
Let r(d) = d - 4. Let c be r(4). Suppose c = 2*g - g. Suppose 3*x = -x + 4*s - 12, -x - 2*s + 9 = g. What is the units digit of x?
1
Suppose -2*i - 3*x + 4*x + 5 = 0, 5*i - 5 = -5*x. What is the units digit of 3/i*(-32)/(-6)?
8
Suppose 5*r - 18 = -3. Suppose r*i = 5*l - 136, -2*l = -4*l + i + 54. What is the units digit of l?
6
Let c be 5 - (-1 - (0 + 2)). Let w = 6 + c. What is the units digit of w?
4
Let o be ((-21)/(-9))/(2/24). Let m = o + -10. What is the tens digit of m?
1
Suppose -2*r + 2*d = -48, -4*r - 2*d - 2*d = -72. What is the units digit of r?
1
Let o(h) = 20*h**3 + 2*h - 1. Let m(g) = -g**3 + 7*g**2 - 5*g - 5. Let y be m(6). What is the tens digit of o(y)?
2
Let l be 8/2*(-4)/(-4). Suppose w - 3 - l = 0. What is the units digit of w?
7
Suppose x = -2*a + 5 + 2, 0 = -5*a - 5*x + 20. What is the units digit of a?
3
Let o = -91 - -255. What is the units digit of o?
4
Suppose 2*b = -0*b + 6. Suppose 0 = c + b*c - 12. What is the units digit of ((-14)/(-3))/(2/c)?
7
Suppose 5*i + 67 - 2 = 0. Let m = 27 + i. What is the units digit of m?
4
Suppose 0*o + 453 = 3*h + 2*o, -o - 768 = -5*h. What is the units digit of h?
3
Let c = -24 + 24. Suppose 6*b - 142 - 20 = c. What is the units digit of b?
7
Let h(q) = 5*q - 8. What is the tens digit of h(13)?
5
Let p = -13 + 24. Suppose -4*f - 4*b + 84 = 0, b + 8 + p = f. What is the units digit of f?
0
What is the units digit of 5/(-10) + (-57)/(-2)?
8
Let j(n) = n + 9. What is the units digit of j(6)?
5
Suppose n = -5*x + 42, 0 = -3*n + 3*x - 7*x + 159. Suppose m + 20 = d, 2*d - n = -d + 2*m. What is the units digit of d?
7
Let c(g) = -13*g - 25. What is the hundreds digit of c(-11)?
1
What is the units digit of 40 - (4 - (-1 + 3))?
8
Let j(x) = x**3 + x**2 - x. Let i be j(0). Suppose i = -v + 2 + 4. What is the units digit of v?
6
Suppose 6 = -4*w - 3*v, -v - 3 = 5*w - 1. Suppose w*h + 2*h = 0. Suppose 3*f - f - 12 = h. What is the units digit of f?
6
Let p(i) be the third derivative of -7*i**4/12 + i**2. What is the units digit of p(-1)?
4
Let v be 2*(0 + 1)/2. Let s = 2 + v. What is the units digit of s?
3
Suppose -12 = 3*n, -2*d - n = 1 + 17. Let v = d - -11. What is the units digit of v?
4
Let r be (-38)/(-2) - -1*2. Suppose -r = -3*k + 21. Let w = k + -7. What is the units digit of w?
7
Let v be (8/(-10))/((-1)/(-15)). Let a = 27 + v. Suppose b = h + a, 2*h = b + 4*h - 6. What is the tens digit of b?
1
Suppose 0*x - 2*x = -2. Suppose 16 = 3*q + x. Suppose 4*c = -q*z + 22, 3*c + 8 = z + 2*c. What is the units digit of z?
6
Let v = 243 + -152. What is the units digit of v?
1
Let j = 15 - 10. Suppose -4*w + 30 = h, -j*h + 32 = w - 80. Let i = h - 12. What is the units digit of i?
0
Suppose -7*y = -3*y. Suppose -2*k - 6 + 20 = y. What is the units digit of k?
7
Let a = 5 - 5. Suppose 4*x + 0*x = a. Suppose 5*l + 25 = x, -4*b - 2*l = 2*l + 8. What is the units digit of b?
3
Suppose 4*z = z + 15. Suppose 0 = 3*s + z*l - 0 - 16, 4*s + 5*l - 18 = 0. What is the units digit of 1/s - 13/(-2)?
7
Suppose -3*v + y = -0*v - 83, v - y = 27. Let g = v - 16. Suppose -b = -0 - g. What is the tens digit of b?
1
Let v(x) be the third derivative of -x**4/24 - x**3/3 - 6*x**2. What is the units digit of v(-6)?
4
Suppose 0 = 4*c - i - 3, 2*c - 6*i = -2*i - 2. Let g = 1 - c. Let s(r) = r**2 - r + 2. What is the units digit of s(g)?
2
Let k = 3 - 0. Let j(h) = 16*h + 3. Let n be j(k). Suppose -5*r - 11 = -n. What is the units digit of r?
8
Let a = 51 + -13. What is the units digit of (a/6)/((-1)/(-6))?
8
Let k be 0 + (-6)/((-1)/(-1)). What is the units digit of (-18)/(-4)*k/(-9)?
3
Let z(t) = t**2 - 2*t - 8. What is the tens digit of z(8)?
4
Suppose 2*k + 95 = 3*w + 2*w, -5*k - 197 = w. Let q be (k/12)/(2/(-6)). Suppose -7*d + 2*d = -q. What is the units digit of d?
2
Let a be 6 + -8 + 11/(-1). Let n = a + 26. What is the tens digit of n?
1
What is the units digit of (-45)/(-6)*(-40)/(-12)?
5
Suppose -5*p - 5*k = -15, -k = -3*p + 3 - 2. Let d = p - 3. Let h = d + 7. What is the units digit of h?
5
Let n(c) be the third derivative of c**5/60 - 5*c**4/12 - c**3/2 - 3*c**2. Let k be n(10). What is the units digit of k/2*2/(-3)?
1
What is the units digit of (1/3)/((-2)/(-18))?
3
Let g = -6 + 9. Let x(n) = 2*n**2 - 3*n + 8. Let t be x(4). Suppose 36 - 4 = 5*l + g*w, 3*l = -4*w + t. What is the units digit of l?
4
Let y = 2 - 1. Let v(h) = 2*h + 1. What is the units digit of v(y)?
3
What is the units digit of (-1 + 3)/(1/4)?
8
Let p(d) = -d**3 - 6*d**2 - 5*d + 4. Suppose 0*c = 2*c - 3*k + 16, 0 = c + 5*k - 5. What is the units digit of p(c)?
4
Let z(a) = -a**3 + a**2 + a + 1. Let i be z(0). Let r be 1 + i + 12/4. Suppose 0 = -4*n + 5*n - r. What is the units digit of n?
5
Let w = 14 + -9. Suppose -2*i - 4 = 3*z - 8, w*z = -2*i + 12. Let q = 6 + i. What is the units digit of q?
2
Suppose -4*w + p = -4*p - 32, -20 = -4*w + 2*p. Suppose w*f - y = -f + 152, 3*f - 5*y - 97 = 0. What is the tens digit of f?
3
Let g = 5 - 0. Suppose -z + 4 = -g. Suppose 3*w = -0*w + z. What is the units digit of w?
3
Let o(d) = d - 1. Let x be o(2). Let t(p) = 19*p**3 + p**2 - 2*p + 1. What is the units digit of t(x)?
9
Let o(x) = 0*x**2 + 3 - 6*x**2 + 2*x**3 + 0*x**3 - x**3. Let i be o(6). Suppose 0 = 5*m + i*u + 1 - 64, -3*m + u + 49 = 0. What is the tens digit of m?
1
What is the units digit of (8 + -6)/(1/4)?
8
Let x be 5*(-1)/1 + -1. Let s = 8 + x. Suppose -4*b + s = -a, 0*a - b + 32 = 5*a. What is the units digit of a?
6
Let g = 37 + -18. Suppose 0 = -5*o - 4*c - 21, -3*c - g = 5*o - 2. Let l(w) = -14*w**3 + 1. What is the tens digit of l(o)?
1
Let d be 233/7 + (-2)/7. Suppose -4*x = -t + d + 1, t = x + 7. Let a = -6 - x. What is the units digit of a?
3
Let z be 58/(-4) - (-10)/(-20). What is the tens digit of (0 - (-12)/z)*-15?
1
Let n(j) = j**3 + 12*j**2 + 5*j - 6. What is the tens digit of n(-11)?
6
Suppose 0*x = 3*x - 2*q - 79, 5*x + q - 149 = 0. Suppose -4*l + 27 = -x. What is the tens digit of l?
1
Let q be 4 + (4 - 2)/(-2). Let s(v) = v**2 + 2*v - 1. Let y be s(-3). Suppose -3*d = 3*i - 43 + 4, y*i + 14 = q*d. What is the units digit of d?
8
Let z(r) = -r**2 - 9*r - 9. Let c(h) = h - 1. Let j be c(5). Suppose 0 = g - 5*f - 8, j*g + 10 = 3*f - 9. What is the units digit of z(g)?
5
Let i = 15 + 26. What is the units digit of i?
1
Suppose -5*q + 5*i + 23 = 3*i, -2*q - 5*i = -15. Suppose 0 = q*g - 5*y + 15 - 0, 5*g + y + 3 = 0. What is the units digit of (-1)/g - -5 - 0?
6
Suppose 4*g - 21 = g. Suppose g*y - y = 60. What is the tens digit of y?
1
Suppose 4*o = -m + 6*m + 74, 0 = -4*o + m + 66. Let x be (2/6)/((-4)/(-84)). Let a = o - x. What is the units digit of a?
9
What is the units digit of 0 + 6*(-20)/(-6)?
0
Let b(z) = -z + 8. What is the units digit of b(0)?
8
Let t = -6 - -79. What is the tens digit of t?
7
Suppose 1 = -y - r, 8*y + 4*r = 3*y - 3. What is the units digit of y?
1
Suppose -16 = s - 3*s - 4*d, 2*s + 2*d = 8. Suppose 2 = -s*j - 2*j. What is the units digit of 4*2 - (j + 3)?
6
Suppose 3*o + 3 = 2*g + 1, -4*o = 5*g - 28. Suppose -o*i = -3 - 1. What is the units digit of i?
2
Let g = -20 - -111. What is the tens digit of g?
9
Suppose 2*t - 7*t = -175. Let f = 53 - t. What is the units digit of f?
8
Let v = -7 - -16. Let n be (2/4)/((-2)/8). Let j = n + v. What is the units digit of j?
7
Suppose c = 5*o - 0*c + 19, -4*c = -o. Let q be (o - -2) + 28 + -1. Suppose 0 = -r + 3*k + q, -2*k + 27 = r - 6*k. What is the tens digit of r?
1
Suppose -j + 25 = -10. What is the tens digit of j?
3
Let n(z) = z - 2. Let o be n(0). What is the tens digit of (o/(-1))/(6/138)?
4
Let j(u) = 2*u + 10. Let v be j(-6). What is the units digit of (-39)/v - 2/(-4)?
0
Suppose -u + 0*k + 4*k = 0, 5*k = -10. Suppose 0 = 2*h + h + 4*g - 28, -3*g - 79 = -4*h. Let a = h + u. What is the units digit of a?
8
Let m = 233 + -163. What is the units digit o